(((-8)/(-848))/i) a composite number?
False
Is (-10476)/(-36)*(-6065)/(-15) a prime number?
False
Let z(w) = -7418*w**3 + 6*w**2 + 11*w + 16. Is z(-3) a prime number?
True
Let n(q) = 76*q**2 - 7*q - 34. Let x = 308 - 313. Is n(x) prime?
True
Is (49015180/6)/5*((-253)/(-22) - 10) a prime number?
True
Let j be 72236/(-20) + (-1)/5. Suppose -t + 0*t = -4*i - 8821, 3*i = t - 8819. Let u = t + j. Is u a composite number?
True
Suppose -15*d - 92*d + 952310 = -12624599. Is d a composite number?
True
Let r be (-2)/4*2*5. Let x(v) be the second derivative of 4*v**4 + v**3/6 + 3*v**2 + 1273*v. Is x(r) composite?
False
Suppose -3*h - 8 - 4 = 0, 2 = 3*k - 2*h. Let o = -647 - -1397. Is o + 3 + 4/k a composite number?
False
Suppose 2 = -g, -5*f + 18 = 2*g + 2. Suppose -s = 5*s - f*s. Is ((s - -5)/((-1)/58))/(-2) prime?
False
Let x(l) = 23215*l**2 - 909*l + 4579. Is x(5) a composite number?
False
Suppose 3*f = 2*q + 8*f - 12, 4*q = -4*f + 24. Let h(g) = 67*g - 19. Is h(q) a composite number?
False
Let k(f) = 3406*f + 40. Let p be k(4). Let n = p - 4779. Is n prime?
False
Suppose -214 = 19*x + 166. Let v(l) = -1167*l - 389. Is v(x) composite?
True
Let l(o) = 3*o**2 + 3. Suppose w + 3*g = -9, -w + 0*g + 5*g = -23. Let k = 9 - w. Is l(k) prime?
False
Let r(t) = -t**3 - 2*t**2 - 2*t - 1. Let o be r(-2). Suppose -2*a + 97 = -5*m - 180, o*m = -9. Suppose a = 4*d - 185. Is d a prime number?
True
Is (-3)/(-6)*-2*8/(-16)*331882 prime?
True
Let o(u) = -2187*u + 38. Let n be o(-7). Let x = -5404 + n. Is x prime?
False
Is -1 + (-9)/(-11) + -3*(-706972084)/1716 prime?
False
Suppose -4*v = 0, -4*s + 405*v + 188260 = 401*v. Is s composite?
True
Suppose 6*i = -5117 - 3007. Is (-5)/(10/i) + 2 composite?
True
Let q(c) = c**3 + 12*c**2 - 16*c - 8. Suppose -3*u + 104 = 11. Let d = 18 - u. Is q(d) a composite number?
False
Let f(i) = 35303*i - 8029. Is f(6) a composite number?
False
Let k(f) = 10 + 23 + 98*f**2 + 42*f**2 + 0 - 6*f. Is k(-8) a prime number?
True
Suppose -35*o + 57*o - 175556 = 71570. Is o a prime number?
False
Is (-21)/27 + 1 + 79657 + (-4)/18 a prime number?
True
Suppose -6*j + 103 = -521. Let t = 74 - j. Is (-22572)/t + (12/10)/2 prime?
False
Let p = -64 + 69. Is (1*(-4 + p))/((-2)/(-1082)) composite?
False
Let w(r) = 4553*r**2 + 407*r + 27. Is w(7) composite?
True
Suppose 8*u = 26677 + 220467. Is u a composite number?
False
Suppose z - 4*t + 9 + 3 = 0, -3*z + 4 = -2*t. Is z*348 - (-70)/10 prime?
True
Let b(g) be the third derivative of 17*g**4/3 + 13*g**3/2 + 2*g**2 + 7*g. Is b(11) a composite number?
True
Suppose 2*i + 2 = 0, 4*s + 4*i = -0*i + 40. Let g(m) = 44 - 4 - s*m - 4. Is g(-11) a prime number?
True
Let q(n) = 466*n**2 + 5*n + 296. Is q(19) a prime number?
True
Suppose -78336371 = -102*a + 21357103. Is a composite?
True
Let a = 24 + -8. Let m = a - 16. Is (-1 - m)*(-36 - 1) a prime number?
True
Let d(n) = -1031 + 507 - 1674*n + 483. Is d(-7) a prime number?
True
Let k(l) = l**3 - 15*l**2 + 37*l - 719. Is k(50) composite?
True
Suppose -4*z = -4*x + 5156, -5*x - 3*z + 2946 = -3515. Let v = 5994 - x. Is v prime?
True
Suppose u - 4*d = -6, -2*u - d - 3*d = -36. Suppose 20 = u*n - 15*n. Let w(t) = 41*t**2 - 3*t + 5. Is w(n) prime?
True
Suppose -9*d + 2467454 + 2024171 = -5286056. Is d prime?
False
Let c(k) = -2*k**2 - 22*k - 18. Let i be c(-9). Is (-169504)/(-24) + 6/i prime?
False
Suppose 3*s + 211748 = b - 200355, -s - 1648434 = -4*b. Is b prime?
True
Is (-3)/(27/(-149291)) - (-1570)/1413 a prime number?
False
Suppose -11*v - 31*v + 3683703 = -6979383. Is v a composite number?
True
Let l = 20962 + -1713. Is l a prime number?
True
Let y = 434992 + -184925. Is y composite?
True
Suppose -86*j + 287448 = -314380. Is j composite?
True
Let h(j) = 320*j**2 - 7*j + 8. Let o(x) = 320*x**2 - 9*x + 8. Let r(i) = 5*h(i) - 4*o(i). Is r(5) a prime number?
False
Suppose -2*n + 3*d - 7 = -0*n, -5*n + 3*d = 13. Let u(g) = -23*g**3 - 4*g**2 - 3*g + 2. Let c be u(n). Let k = -49 + c. Is k a composite number?
False
Let u be (3 + -1 - (-24)/(-8))*0. Is 5/10*(u + -1)*-2164 prime?
False
Suppose 0 = -i + 5*p + 2145, -2*p + 9248 = 5*i - 1612. Suppose 6*q + q + i = 0. Let j = q - -1707. Is j prime?
False
Suppose 0 = 2*o - 62 + 54. Suppose -3*i - g + 268 = -2*g, o = 2*g. Let l = i - 43. Is l a prime number?
True
Suppose 75*h - 77*h = -4*d + 353172, -6*h = -4*d + 353204. Is d prime?
True
Suppose 4*w + 2*k = 22, 21*k - 26*k = -w. Suppose 5*f + 4768 = -z + 14426, w*f + 2*z = 9661. Is f a prime number?
True
Let v(m) = 32*m**2 - 34*m + 3461. Is v(84) a prime number?
True
Let i = -208 - -212. Suppose 2968 = i*x + 116. Is x prime?
False
Let k = 19 - 25. Let i = 30 - k. Is (i/(-24))/((-6)/1324) a prime number?
True
Let b = -14500 + -825. Is (-12 - (-574)/49) + b/(-7) prime?
False
Let h(f) = -154*f + 40. Suppose 3*s = -5*c - 54, -45 = 3*s - 0*s + 2*c. Let m be h(s). Suppose -7906 = -5*a + 3*j + 2214, -3*j + m = a. Is a composite?
False
Suppose 7*x = -22*x - 28*x + 32521521. Is x a prime number?
True
Let f = 45889 - 19088. Is f prime?
True
Suppose 65 = -5*h + 4*k, 5 = -3*h + 2*k - 32. Let i = 686 - h. Is i a composite number?
True
Is 90/450 - ((-9)/(-30)*-228226 - -1) composite?
True
Let q = -24 + 26. Suppose -q*t = 524 + 604. Let p = 1049 + t. Is p composite?
True
Suppose 19*m = 3609219 + 2633782. Is m prime?
True
Let a(i) = -i**3 + 90*i**2 - 6*i + 55. Let l be a(-42). Suppose -7*b = -617238 + l. Is b a composite number?
False
Suppose -1418 + 1406 = -4*d. Suppose -3*i + x + 345 = -11157, d*x = -9. Is i a prime number?
True
Let k = 165984 + -47345. Is k a composite number?
True
Is ((-190)/(-76)*470636/10)/1 a composite number?
False
Let v = 231 - 269. Is 2/4 + 57/v + 8564 a composite number?
False
Let y be 45/25*(-110)/(-33). Is 313 - (-6 + 6) - y a prime number?
True
Let c(f) = 516*f**2 + 95*f - 45. Is c(14) prime?
False
Suppose 15 - 43 = -14*r. Suppose r*y + 23700 = 8*y. Let j = y - 1932. Is j prime?
False
Let s = -63 - -54. Let k be (3/s)/(5/(-105)). Suppose k*y - 1786 = 3597. Is y prime?
True
Let b(y) = 389*y - 1. Let p = -65 + 71. Let k be b(p). Suppose 2*g = g + k. Is g composite?
False
Is 168988/2 - (-820)/(-164) a composite number?
True
Let s be (-42)/(-56)*8/(-9)*-16161. Is s/1 - (-6 + 12 + -3) a prime number?
True
Let h(n) = -53554*n - 447. Is h(-10) a composite number?
True
Suppose 38*s - 2928657 = 9623845. Is s a composite number?
False
Let r(q) = 55532*q + 3207. Is r(8) composite?
False
Suppose 0 = -5*s + 9195 - 2080. Let t = -2019 + 1725. Let f = s - t. Is f a prime number?
False
Suppose 2*k - 6 = -2. Suppose 3*p - k*n - 3884 = 0, p - 838 - 450 = 2*n. Let r = -741 + p. Is r prime?
True
Suppose 3*g = 2*b + 6867993, -5*g - 35*b + 38*b + 11446655 = 0. Is g prime?
False
Let z(m) = -55 - m**2 - 3*m**2 - 14*m + 6*m**2 + 6*m. Is z(-23) a prime number?
True
Let w be (-2)/(-8) + 377/(-52). Let f be -1*(w + 4)*2. Is ((-332)/(-8))/(3/f) composite?
False
Suppose 7 = 6*a + 7. Suppose 4*z - 7*z + 6 = a. Suppose 3*r + 5902 = -0*j + z*j, -5*j = 5*r - 14755. Is j a composite number?
True
Let g(b) = -516*b - 3077. Is g(-56) composite?
False
Is -2 - 0 - 13/((-260)/5731460) a composite number?
True
Is 12/(-8)*((-88330)/6 + 1) a prime number?
False
Let h(a) = 93*a**2 - 47*a + 155. Is h(18) a composite number?
True
Let u be (-4 - 33/(-9))/(8/(-41016)). Let i = 8 + 2. Suppose 9*l - i*l = -u. Is l prime?
True
Suppose 2*m = 6*m + 11940. Let v = m + 4244. Is v composite?
False
Let n be (-3)/(-12)*2942 - (-3)/(-2). Is n/((-6)/36*-6) a composite number?
True
Suppose -79 = -5*b - 64, 5*b + 974633 = 8*w. Is w a prime number?
False
Let a = 102 + -104. Let l(c) = 2*c**2 - 2*c - 8. Let q be l(a). Suppose 5*b = -4*g + 267 + 1778, -q*g = 0. Is b prime?
True
Is 8*4/(-224) + 382922/7 prime?
False
Suppose -5*c - 5*g = -724120, -5*g - 724050 = -0*c - 5*c. Is c prime?
True
Suppose -53*i - 5100633 + 12959420 = 0. Is i a composite number?
False
Suppose 12*k - 38*k = -140738. Is k a prime number?
True
Suppose -c = -5*w + 379421, -8*c + 3*c - 75913 = -w. Is w a prime number?
True
Let r(z) be the third derivative of z**4/6 - 8*z**3/3 - 10*z**2. Let h be r(5). Suppose 3*k + h*l - 6697 = 0, 2*k + 2228 = 3*k - 3*l. Is k composite?
True
Suppose -2*x - u - 42 = 0, -5*u + 0*u - 72 = 4*x. Let a(t) = 5*t**2 - 42*t + 30. Is 